7. Let m be x(4). Let q = m - 34. Give v(q).
-9
Let n(l) be the first derivative of -1/2*l**2 + 2*l - 6. Determine n(-3).
5
Let b(h) = -h**2 - 6*h + 7. Let l(s) = s**2 + s. Let c(y) = -b(y) - 2*l(y). Let u(r) = r**2. Let d be u(0). Let p = d + 5. Calculate c(p).
-12
Let b(s) be the third derivative of -s**6/30 + s**5/30 - s**3/6 - 281*s**2. Calculate b(1).
-3
Suppose 0 = 2*f + 1 + 3. Let d(r) be the first derivative of -r**3/3 - 3*r**2 - 3*r - 52. Determine d(f).
5
Suppose -81 = -n - 3*g, -3*g - 350 = -5*n - 7*g. Suppose -24 - n = 9*o. Let l(p) = -p**2 - 11*p - 15. Give l(o).
-5
Let j = -9 + 16. Let s(f) = 6 - 10*f**3 - j*f**2 + 8*f**2 - 7. Give s(-1).
10
Let k(d) = d + 6. Let b(z) = z**3 - 6*z**2 + 8*z - 9. Let h be b(5). Give k(h).
12
Suppose -187*p + 193*p - 18 = 0. Let f(q) = 7*q + 4. Calculate f(p).
25
Suppose 3*x + 4 + 5 = 0. Let t = 5 + x. Suppose 0 = -k + 3*k + t. Let z(g) = 11*g**2 + 2*g + 1. Give z(k).
10
Let l(n) = -n - 2. Let u(r) = 3*r - 3. Let k(m) = -l(m) - u(m). Let p(z) = -z**2 + 9*z - 10. Let q be p(7). Calculate k(q).
-3
Let n(x) = 3*x**2 - 2*x + 6. Let q = -270 + 274. Determine n(q).
46
Let n(x) be the second derivative of 3*x**3/2 - x**2 - 8*x - 4. Calculate n(1).
7
Let n(u) = -u**3 - 5*u**2 + 3*u - 8. Suppose 6*a - 12 = 3*a. Let t(z) = a*z**2 + 22 + 0*z**2 - 5*z**2 - 3*z. Let k be t(-7). Give n(k).
10
Let w be -2 + 0 + 160/(-32). Let o(c) = -6*c - 6. Let g(s) = 17*s + 17. Let h(i) = -4*g(i) - 11*o(i). Calculate h(w).
12
Let s(k) = 3*k + 0 - 19*k**3 + 6 + 7*k**3 + 11*k**3 + 3*k**2. Determine s(4).
2
Let n(c) = -6*c - 24. Let v be n(-4). Let s(w) = 8 - w + 8*w - 6*w + v*w. Determine s(-8).
0
Let c(n) = -18*n**2 - 3*n - 3*n**2 - 6 + 23*n**2 + 7. Let l be ((-1)/(-3))/(2/(-6)). Let v be 0 - l*(-2 - -4). Determine c(v).
3
Suppose -17*n - 6 = -19*n. Let b be 13/11 - (-4)/(-22). Let r(j) = 24*j + j**n + b - 5*j**2 - 21*j + 1. Give r(4).
-2
Let o(k) = 2*k + 33. Let j = 492 - 508. Calculate o(j).
1
Let k(b) = b + 6. Let q(a) = 19 + 12*a + 13*a - 29*a + 7*a. Let c be q(-8). Calculate k(c).
1
Suppose -3*x + 77 = 80. Let l(h) = -2*h**3 + h**2 - h - 1. Give l(x).
3
Let m(u) = 2 - 5*u - 2*u - u + 2*u. Let a be (-1)/4 + 1 - 85/(-68). Give m(a).
-10
Suppose -4*m + 2*j = -42, 4*m + 3*j + 5 = 32. Let r(f) = -f**3 + 10*f**2 - 8*f - 13. Give r(m).
-4
Let k be -1*(4*3)/(-2). Let i(g) = 6*g**2 - 6*g - 7. Let a(v) be the third derivative of -v**5/60 + v**3/6 - 5*v**2. Let l(s) = -5*a(s) - i(s). Give l(k).
2
Let q(l) = -l**3 + 2*l**2 + 2*l - 4. Let y = 59 - 52. Let o = y - 4. What is q(o)?
-7
Let k = -17 + 16. Let r = -6 + 4. Let c = k + r. Let x(s) = s - 4. Determine x(c).
-7
Let p(r) = -2*r**2 + 3*r + 2. Let c(t) = t**2 - 14*t + 10. Let y be c(13). Let h(f) = -f**2 + 4*f + 3. Let d(b) = y*h(b) + 4*p(b). Calculate d(-2).
-21
Let y(x) = 3 - 67*x - 1 - 71*x + 137*x. Let q(p) = 4*p + 4. Let r be q(-7). Let i be (-4)/(r/(-9) - 2). Determine y(i).
8
Suppose 4*i + 4*f = -0*f - 12, -2*f - 7 = i. Let y(q) be the third derivative of -q**6/24 + q**4/12 - q**3/6 - q**2. Calculate y(i).
-4
Let z(v) = -3*v + 4. Let l(x) = 13*x - 19. Let h(k) = -4*l(k) - 18*z(k). Give h(-8).
-12
Suppose -7*n = 4*d - 8*n + 4, -16 = -4*n. Let r(x) = 3*x - 5. Let h(u) = 5*u - 7. Let g(v) = -5*h(v) + 8*r(v). What is g(d)?
-5
Let f(k) be the third derivative of 2/3*k**3 + 27*k**2 + 0*k + 0 + 1/60*k**5 + 0*k**4. Determine f(0).
4
Let g(c) = -6*c. Let n(y) = -y**3 + 7*y**2 - 2*y - 8. Let s be n(6). Let d be (s/(-12))/(4/(-6)). Suppose 5*i = -4*t - 6, 0 = 3*t + d*i + 1. Give g(t).
-6
Let p(z) = 5*z**3 - z**2. Let q be p(1). Suppose q*k = k. Let v(n) be the second derivative of n**4/12 + 5*n**2 + n. Give v(k).
10
Let w be (-2)/(((-50)/35)/5). Let r be w/(-5*(-2)/10). Suppose -5*h - 3 = r. Let f(a) = -a**3 - 2*a**2 - 3*a - 3. Give f(h).
3
Let c(q) = q**2 + 0*q + q + 3*q + 3 + q. Let r(z) = z + 10. Let i be r(-3). Let j = i + -11. What is c(j)?
-1
Let o = 17 - 16. Suppose o + 5 = -z. Let w(i) = -i**2 - 7*i - 8. Give w(z).
-2
Let x = 10 - 8. Suppose x*v + 0*a + 20 = -2*a, -24 = 2*v + 4*a. Let d be 7 - (v/(-4))/2. Let g(o) = o**3 - 5*o**2 - 7*o - 2. Give g(d).
-8
Let i be -4 + (11 - 13) - (-2 + 1). Let j(x) = -x**3 - 3*x**2 + 4*x - 7. Determine j(i).
23
Let t(x) be the first derivative of -3*x**2/2 + 3*x - 108. Give t(-7).
24
Let j(g) = -2*g - 4. Suppose -2*k + 4*a - 5*a - 3 = 0, 15 = -2*k - 5*a. Calculate j(k).
-4
Let d(n) = n**3 - 6*n**2 + 2*n + 5. Suppose 5*o - 25 = -0*z + z, -4*o + 6 = 2*z. Determine d(o).
-19
Let y(t) = -t**2 - 6*t. Suppose -8 = 4*h - 2*h. Let c be (-4)/(-3)*(h + 1). Calculate y(c).
8
Suppose 0 = 11*i - 95 + 161. Let l(v) = -2*v**2 - 6*v + 5. What is l(i)?
-31
Let k be (-18)/(-30) - 15/25. Let i(h) be the third derivative of 2/3*h**3 + 1/15*h**5 + k*h + 0 + 1/8*h**4 + 1/120*h**6 - h**2. What is i(-4)?
-8
Let v(m) = -50*m + 332. Let c be v(7). Let f(u) = -u - 33. What is f(c)?
-15
Let k(l) = -2 + 3 + 0 + 0. Let b(o) = o. Let p(h) = b(h) - k(h). Determine p(3).
2
Let g(f) = -5*f - 2. Suppose 12 = -2*r + 10. Calculate g(r).
3
Let h be 11/5 - 2/10. Let j be ((-3)/(-5))/((-1)/(-5)). Let i(s) = -s + 2*s + 4*s**h - 5*s**2 + s**3 + j. Determine i(0).
3
Let o(g) be the third derivative of 29*g**2 + 0 - 1/60*g**5 - 2/3*g**3 + 0*g - 5/24*g**4. Give o(-3).
2
Let l(g) = -g - 8. Let m(b) be the second derivative of -b**3/2 - 23*b**2/2 - 17*b. Let a(p) = 8*l(p) - 3*m(p). Determine a(-5).
0
Suppose 2*a + 4*p + 4 = 0, 7*a - 3*a - 2*p = 42. Let i(r) = 2*r**2 - r**2 - 2*r + 6 + a*r. Give i(-4).
-2
Let a(c) be the first derivative of 1/2*c**2 + 0*c**3 + 0*c - 1/24*c**4 - 4. Let h(f) be the second derivative of a(f). Calculate h(5).
-5
Let z(a) = 3*a - a**2 - 1 + 3*a - 4*a**3 - 4*a. Let x(n) = n**2 + 15*n + 3. Let q be x(-15). Suppose -q = -c - 2*c. Give z(c).
-4
Let q(n) be the third derivative of n**5/60 - 7*n**4/24 - 7*n**3/6 - 39*n**2 - 2. Give q(7).
-7
Let d be 22/(-33)*(-3)/2. Let z(t) = 5*t**2 + t. Determine z(d).
6
Let d(w) = 2*w - 7. Suppose -4 = 2*c - y, -8 = -5*c - 0*y - 2*y. Suppose 4*h - 3*a - 8 = 0, 4*h + 0*a = -2*a - 12. Let b be (c + -2 - h) + 6. Calculate d(b).
3
Suppose -5*l + 34 = -2*x, x + 39 = 5*l + 2. Let y(h) be the second derivative of h**3/6 - h**2/2 + h. Give y(l).
7
Let v(d) be the second derivative of -d**5/20 - d**4/4 + d**2/2 - d + 3. Calculate v(-2).
-3
Let o(d) = -5*d + 4*d + 3*d. Let v(s) = 2*s**2 + 2*s**2 - s**2 - 3 + 5*s - 4*s**2. Let f be v(3). What is o(f)?
6
Let m(q) be the third derivative of 0*q + 0 - 1/120*q**6 + 1/15*q**5 + 1/24*q**4 + 3*q**2 - 1/2*q**3. Give m(4).
1
Let u = 14 - 8. Suppose -2*s = u, -3*r + 0*s - s + 15 = 0. Let w(d) = d**3 - 6*d**2 + d - 6. Calculate w(r).
0
Let k(j) = -3*j + j - 7 + 6*j - 11*j. Calculate k(-3).
14
Let f be (-60)/(-2) - (-8 - -8). Suppose -6*i + i + f = 0. Let t be 19/i - 1/6. Let x(a) = 2*a**2 - 2*a - 2. Calculate x(t).
10
Suppose 2*g - 114 + 30 = 0. Let z = g + -49. Let c(f) = -f**2 - 7*f - 3. Calculate c(z).
-3
Let s(f) = -f**2 + 5*f - 5. Let k(l) = -l**2 + 5*l - 3. Let c(v) = 6*k(v) - 5*s(v). Let d be c(-1). Let a(h) = -3*h**3 - h**2 + 2*h - 1. Calculate a(d).
-3
Let w(p) = p + 3. Let x = 67 - 55. Suppose 3*d + 5 + 12 = 2*r, -2*d + 2*r = x. What is w(d)?
-2
Let u(c) be the second derivative of c**3/3 + c**2/2 - 1547*c. Suppose 4*m + 7 = -1. Determine u(m).
-3
Let b = 13 + -10. Let j(l) = l - 6*l**2 + 0*l**2 - l**b + l + 16 - 15. Suppose 3 = 5*u + 33. Calculate j(u).
-11
Let n(p) = -p**3 - 7*p**2 + 7*p - 10. Let z be 39/26*44/(-3). Let g = z + 14. Calculate n(g).
-2
Let x(b) = -4*b**2 - 2*b - 3. Let m(f) = 3*f**2 + f + 2. Let d(i) = 3*m(i) + 2*x(i). Suppose -4*k - 743 = -739. What is d(k)?
2
Let q(b) be the first derivative of b**3/3 - 4*b + 61. Let t be (-28)/(-6) + 8/(-12). Give q(t).
12
Let m(o) = -6*o - 31. Let b be m(-6). Let u(w) = 0*w**2 + w - 2 - w**3 + 5*w**2 + 3*w**3 - 3*w**3. What is u(b)?
3
Let p(x) = -x**2 - 2 + 8 - 17 + 3 + 14*x. What is p(13)?
5
Suppose -5*l = -4 - 1. Let k be 18/8*(8/(-3))/(-2). Let a(o) = 4 - 18*o - k + 11*o. Determine a(l).
-6
Suppose -20 = -5*j - 0*j. Let l(f) = -4*f + 1. Let a(z) = 5*z - 1. Let s(t) = 2*a(t) + 3*l(t). Calculate s(j).
-7
Suppose -f + 4 = -13*u + 17*u, f + 12 = 4*u. Let r(q) = q + 11. What is r(f)?
7
Let z(f) = -f**2 + 12*f + 4. Let m(o) = -12*o**3 + 27